be v(g). Let r(i) = i**3 - i + 9. Determine r(d).
9
Let d be (-4)/18 + (-20)/(-9). Let u = d - 3. Let x(q) = 2*q + 1. Determine x(u).
-1
Suppose -w + 0 - 4 = -2*j, -3*j = -3*w + 3. Suppose 0 = 5*m + 2*i, w*m - 5*i = m + 35. Let q be ((-45)/18)/(1/m). Let s(c) = c**2 + 4*c + 5. What is s(q)?
10
Let x(k) = k**2 + k - 8. Let f(j) = 0*j**2 - j**2 - 5 + 3*j + 7*j - 4. Let n be f(9). Let g = 0 + n. Determine x(g).
-8
Let w(v) = -v**3 - 4*v**2 - 2*v - 1. Let o(m) be the first derivative of -14*m + 4 - 1/2*m**2. Let z be o(-12). Determine w(z).
-5
Suppose 7 = -5*h - 3. Let k(y) = y - 2 + 0*y**3 - y**3 + 0 - y**2. Determine k(h).
0
Let i(k) = -k**3 - 8*k**2 - 3. Suppose 3*c = 3*u - 33, 3*c - 5*c - 3*u = 7. Give i(c).
-3
Let i = 7 - 7. Suppose -2*x = -i*x + 8. Let n(y) = 6*y**3 - 5*y. Let h(s) = 5*s**3 + s**2 - 5*s + 1. Let r(o) = x*n(o) + 5*h(o). Calculate r(-6).
-1
Let t(i) = -3*i**2 + i + i**2 + 4*i**2. Calculate t(1).
3
Let m(k) = k**2 - 3*k. Let z be m(2). Let h(v) be the third derivative of -v**5/30 - 27*v**2. Calculate h(z).
-8
Let t(w) = 3*w + 0 + 3 - 4*w. Let u be -9 - 2 - (-1 + -4). Determine t(u).
9
Let s(y) = -2*y**2 + 5*y - 4. Let c be -3*((-2)/3)/2. Let t = c + 2. Determine s(t).
-7
Let g(r) be the first derivative of -r**4/4 - r**3/3 + r - 1. Let a be 1*2*5/(-10). Give g(a).
1
Let w(x) = x**3 + 8*x**2 + x + 11. Let j be w(-8). Suppose l = j - 5. Let y(a) be the first derivative of a**4/4 + 2*a**3/3 + a**2/2 + a - 1. Calculate y(l).
-1
Let c(f) = f**2 - 4*f + 2. Let l(s) = -s + 9. Let w be l(8). Suppose -3 - w = -z. Calculate c(z).
2
Let u = -8 + 13. Let l(t) be the third derivative of -t**6/120 + t**5/15 + t**4/6 + 5*t**3/6 + t**2. Calculate l(u).
0
Let p(v) be the third derivative of v**4/24 - v**3/6 + 2*v**2. Suppose z + 0*z - 3 = 0. Suppose -3*a - 9 = -2*m + z*m, -5*m + 15 = -5*a. What is p(m)?
-1
Let j(p) = p + 1. Suppose -4 + 4 = -2*g. Determine j(g).
1
Let g(a) be the first derivative of a**2/2 - 14*a + 14. Give g(0).
-14
Let m(p) = p**3 - 2*p**2 - 3*p - 3. Let f = 10 - -6. Let z be -1 - f/((-8)/2). What is m(z)?
-3
Let v(c) = -c + 7. Let a(d) = d**2 - 5*d + 10. Let u be a(4). What is v(u)?
1
Let r be -3*15/(-27)*-3. Let s(g) = -g. Let a be s(r). Let h(m) = 11*m**2 - 20*m - 12. Let i(u) = 7*u**2 - 13*u - 8. Let o(p) = -5*h(p) + 8*i(p). What is o(a)?
1
Let x(r) be the first derivative of r**4/4 - 5*r**3/3 - 6*r - 4. Determine x(5).
-6
Let f(i) = 5*i**2 - 5*i + 7. Let k(h) = -h**2 + h - 1. Let u(d) = -f(d) - 4*k(d). Let m(l) = 2*l. Let w be m(1). Suppose -w*j + 2 + 4 = 0. Determine u(j).
-9
Let y(a) = 4*a**2 - 9*a - 4. Let m(l) = -l**2 + 3*l + 1. Let c(k) = -7*m(k) - 2*y(k). What is c(-2)?
3
Let h(f) = f**3 + 4*f**2 - 2*f + 7. Let k(i) = -6*i**2 + 1. Let j(v) = v - 7. Let o be j(8). Let u be k(o). What is h(u)?
-8
Let s(f) = 2 + 0*f + 0*f - f**2 + 2. Calculate s(-3).
-5
Suppose 24 = -6*i + 2*i. Let t(d) = -d**3 - 2*d**2 - 6*d - 10. Let b(k) = k**3 + k**2 + 6*k + 11. Let x(h) = -5*b(h) - 6*t(h). Calculate x(i).
5
Let v be -2 - 3*(-6)/(-2). Let j = 6 + v. Let x(i) = i**2 + 3*i - 6. Calculate x(j).
4
Let d be -1*9*4/6. Let f(k) = -k**3 - 6*k**2 + 3*k + 5. Determine f(d).
-13
Let r = 9 - 1. Let h = r - 2. Let t(l) = -l**3 + 7*l**2 - 6*l - 2. Determine t(h).
-2
Let k(f) = f - 2. Let q = -19 + 19. Give k(q).
-2
Suppose 0*x + 84 = -4*x. Let t be 2/7 + (-15)/x. Let p(y) = -8*y**2 + y - y + 0*y + t - y. What is p(1)?
-8
Let y(p) = 6 + 4*p + 2*p - 5*p. Let f be (-2)/(-4)*(0 + 6). Let d = -2 - f. What is y(d)?
1
Let m(a) = 5757*a**2 - 5758*a**2 - a - 4*a. Suppose 0 = -2*l - 2 - 8. Determine m(l).
0
Let a(t) = 1 - 2 + 4 - 4*t**2 - t**3 + 0*t**3. What is a(-3)?
-6
Let h(u) = -10*u**3 - 7*u**2 - 3*u + 19. Let w(d) = -3*d**3 - 2*d**2 - d + 7. Let z(t) = -2*h(t) + 7*w(t). Determine z(0).
11
Let a(m) be the second derivative of 0 + m**2 - 1/12*m**4 + 7/6*m**3 - 3*m. What is a(5)?
12
Let s(r) = -6*r - 2. Let b(k) = k. Let c(l) = -5*b(l) - s(l). Let j be c(0). Let z(n) be the third derivative of n**4/12 + n**3/6 - 23*n**2. Determine z(j).
5
Let s(x) = -x + 9. Let t be s(15). Let j(i) be the first derivative of i**4/4 + 5*i**3/3 - 5*i**2/2 + i - 1. Calculate j(t).
-5
Suppose -5*n + 6*n - 4 = 0. Let r be 7 + (-6 + 2 - -2). Suppose -n*i = -r + 9. Let d(l) = -8*l**2 + 2*l + 1. What is d(i)?
-9
Let c(s) = s**2 - 4*s - 1. Suppose -5*y + 6 + 4 = -b, -3*b - 3*y + 24 = 0. Determine c(b).
4
Let c(j) = 6*j. Let x(d) = 6*d - 1. Let b(l) = -3*c(l) + 2*x(l). Determine b(-3).
16
Suppose p + 1 = 7. Let m(x) = -x**2 + 7*x + 3. Give m(p).
9
Let s = 0 - 0. Let p(b) = 0*b**2 - 3*b**3 + s*b**2 + b**3 - b**2. Calculate p(-1).
1
Let r(x) = x + 12. Let o be r(-13). Let d = o + 3. Let l(f) = -f**3 + 3*f**2 + f. Determine l(d).
6
Let z = 1/2 - -4. Let r(c) be the first derivative of 0*c + z*c**2 + 2. What is r(1)?
9
Let m(k) = -k**3 + 2*k. Suppose -3*h + 40 - 22 = 0. Suppose -2*g + 30 = -5*z, -4*g - 5 + 33 = -2*z. Suppose -5*r - 16 = h*l - 3*l, -g*r = l + 12. Give m(r).
4
Let g(l) = 0*l**2 - 2 + l**2 + 0*l**2 - 5*l. Let n(d) = -d**3 + 3*d**2 + 4. Let v be n(3). What is g(v)?
-6
Let n(p) = 4*p + 1. Let l be n(1). Let k(r) be the third derivative of -1/120*r**6 - 1/2*r**3 + 1/24*r**4 + 0 + 0*r - r**2 - 1/20*r**l. What is k(-3)?
-6
Let r(m) = 48*m**3 - 2*m - 23*m**3 - 24*m**3 - 3 + 5*m**2. Calculate r(-5).
7
Let f(q) = q + 1. Let a(i) = 2*i + 2 - 4 + 6. Let h be a(-3). Determine f(h).
-1
Suppose 4*h - 22*h = 90. Let i(v) be the first derivative of -v**2/2 - 5*v - 1. Determine i(h).
0
Let i(x) = 2*x**2 + 5*x - 4. Let j be i(-4). Let y(h) = -h**3 + 8*h**2 - 3*h + 4. Give y(j).
-20
Let t(d) = -d**2 + 3*d + 6. Let f be -18 + 3/(3/(-2)). Let z be 3*f/(-12) + 0. Determine t(z).
-4
Let x(g) be the third derivative of g**5/30 + g**4/24 - 7*g**2. Give x(-2).
6
Let m(s) be the second derivative of -5*s**3/6 + s**2 - 12*s. Determine m(2).
-8
Let n(o) = -o**2 + 5*o. Let g(r) = r**3 - 8*r**2 + 10*r - 4. Let a be g(7). Suppose 0 = -2*x + 2*h - 14, 5*h + a = -2*x - 11. Let k = x + 15. Calculate n(k).
-6
Let s(x) be the second derivative of -1/20*x**5 + 3/2*x**2 + 0*x**3 + 1/3*x**4 - 4*x + 0. Determine s(4).
3
Let k(w) be the third derivative of -7*w**4/24 - w**3/6 - 12*w**2. Suppose 9*r - 5 = 4*r. Calculate k(r).
-8
Let s(l) = -l**3 - 5*l**2 - 2*l + 3. Let d be s(-4). Let h(c) = -c**3 - 5*c**2 + 4. Give h(d).
4
Let s(c) be the third derivative of c**6/120 - c**5/60 + c**4/24 + 2*c**3/3 + c**2. What is s(0)?
4
Suppose -2*q = -q - 4. Suppose 2*h + 1 = q*j + 3*h, 2*h - 13 = 3*j. Let v(t) = 3*t**3 + 2*t + 1. Determine v(j).
-4
Let y = 16 + -10. Let g be y + 0 - 1*2. Let t(z) = -4*z - g - 2*z + 5*z. Calculate t(-4).
0
Let r(k) be the third derivative of k**4/3 - k**3/2 - 4*k**2. Let h(o) = o - 1. Let j(c) = -2*h(c) + r(c). Calculate j(1).
5
Let a(x) = 3 - 5*x - 8 + 16*x - 10*x. Give a(8).
3
Let x(t) = -t**2 - 5*t - 3. Let r be x(-4). Let z(b) = b - 1 + r + 8*b**3. Suppose -2*d = -3*p + 2 + 3, 1 = -5*p + d. Calculate z(p).
-9
Let q(z) = -z**2. Let h = -2 - -4. Determine q(h).
-4
Let c(f) = -f + 1. Let t(u) = -u - 12. Let x be t(-8). Determine c(x).
5
Let t(b) be the third derivative of -b**5/60 + 5*b**4/24 - 28*b**2. What is t(5)?
0
Let z(o) = 5*o - 16. Let g(x) = -x + 3. Let v(i) = 11*g(i) + 2*z(i). Suppose 6*s = 3*s + 15. Let t be v(s). Let d(u) = 2*u + 1. Determine d(t).
-7
Suppose 0*y - 4*y = -4. Suppose -5*v + 5*m - m = -y, 0 = 5*v - 5*m. Let h(p) = -v + p + 4 + 0*p. Calculate h(0).
3
Suppose 5*x = -4*d + 6, -6*x + x = -4*d - 14. Let p = -4 + 2. Let w = d - p. Let s(l) = -3*l + 1. Determine s(w).
-2
Let r(x) = -x + 2. Let h(s) = 6*s**2 - 4*s + 7. Let k(i) = h(i) - 4*r(i). Suppose 2*c = c + 3. Suppose 0 = c*g - 2 + 5. What is k(g)?
5
Let l = -6 + 10. Let v be 1 - 0/(-1 + l). Let h(w) = 3*w**3. Determine h(v).
3
Suppose 3*k - 11 - 1 = b, -18 = -3*k - b. Let u(q) = -2*q + k*q - 2*q. Determine u(-4).
-4
Let l(y) = y**2 + 2*y + 1. Suppose 4*p = 6 + 2. Let b be 1 - (-3)/(-3) - p. Calculate l(b).
1
Let r(d) = -d**3 + 10*d**2 - 15*d**2 + 2*d - 6 + 3*d - 1. Determine r(-6).
-1
Let z(r) = -12*r**3 + 3*r**2 - 11. Let m(u) = 5*u**3 - 2*u**2 + 5. Let k(s) = -5*m(s) - 2*z(s). What is k(3)?
6
Let j(s) be the first derivative of s**4/4 - 2*s**3 + 5*s**2/2 - 2*s + 5. What is j(3)?
-14
Suppose -2*z - 5 = -5*y,